{"id":188,"date":"2018-02-04T13:43:53","date_gmt":"2018-02-04T12:43:53","guid":{"rendered":"http:\/\/domowykosciol.info\/?page_id=188"},"modified":"2018-02-04T13:43:53","modified_gmt":"2018-02-04T12:43:53","slug":"ruch-swiatlo-zycie","status":"publish","type":"page","link":"https:\/\/domowykosciolinfo.stronazen.pl\/?page_id=188","title":{"rendered":"Ruch \u015awiat\u0142o-\u017bycie"},"content":{"rendered":"<p><img decoding=\"async\" title=\"Domowy Ko\u015bci\u00f3\u0142\" src=\"http:\/\/domowykosciol.info\/wp-content\/uploads\/2017\/12\/dk-ikona.jpg\" alt=\"Domowy Ko\u015bci\u00f3\u0142\" \/><\/p>\n<h2>Ruch \u015awiat\u0142o-\u017bycie<\/h2>\n<p><img decoding=\"async\" loading=\"lazy\" src=\"http:\/\/domowykosciol.info\/wp-content\/uploads\/2017\/12\/foz-zoe.jpg\" alt=\"\" width=\"250\" height=\"261\" \/><\/p>\n<p>Ruch \u015awiat\u0142o-\u017bycie jest jednym z ruch\u00f3w odnowy Ko\u015bcio\u0142a wed\u0142ug nauczania Soboru Watyka\u0144skiego II.<\/p>\n<p>Gromadzi ludzi r\u00f3\u017cnego wieku i powo\u0142ania: m\u0142odzie\u017c, dzieci, doros\u0142ych, jak r\u00f3wnie\u017c kap\u0142an\u00f3w, zakonnik\u00f3w, zakonnice, cz\u0142onk\u00f3w instytut\u00f3w \u015bwieckich oraz rodziny.<\/p>\n<p>Wi\u0119cej informacji na temat Ruchu \u015awiat\u0142o-\u017bycie znajdziesz na stornie internetowej <a href=\"http:\/\/www.oaza.pl\" target=\"_blank\" rel=\"noopener\">www.oaza.pl<\/a>.<\/p>\n","protected":false},"excerpt":{"rendered":"<p>Ruch \u015awiat\u0142o-\u017bycie Ruch \u015awiat\u0142o-\u017bycie jest jednym z ruch\u00f3w odnowy Ko\u015bcio\u0142a wed\u0142ug nauczania Soboru Watyka\u0144skiego II. Gromadzi ludzi r\u00f3\u017cnego wieku i powo\u0142ania: m\u0142odzie\u017c, dzieci, doros\u0142ych, jak r\u00f3wnie\u017c kap\u0142an\u00f3w, zakonnik\u00f3w, zakonnice, cz\u0142onk\u00f3w instytut\u00f3w \u015bwieckich oraz rodziny. Wi\u0119cej informacji na temat Ruchu \u015awiat\u0142o-\u017bycie znajdziesz na stornie internetowej www.oaza.pl.<\/p>\n","protected":false},"author":1,"featured_media":0,"parent":113,"menu_order":0,"comment_status":"closed","ping_status":"closed","template":"","meta":{"neve_meta_sidebar":"","neve_meta_container":"","neve_meta_enable_content_width":"","neve_meta_content_width":0,"neve_meta_title_alignment":"","neve_meta_author_avatar":"","neve_post_elements_order":"","neve_meta_disable_header":"","neve_meta_disable_footer":"","neve_meta_disable_title":""},"_links":{"self":[{"href":"https:\/\/domowykosciolinfo.stronazen.pl\/index.php?rest_route=\/wp\/v2\/pages\/188"}],"collection":[{"href":"https:\/\/domowykosciolinfo.stronazen.pl\/index.php?rest_route=\/wp\/v2\/pages"}],"about":[{"href":"https:\/\/domowykosciolinfo.stronazen.pl\/index.php?rest_route=\/wp\/v2\/types\/page"}],"author":[{"embeddable":true,"href":"https:\/\/domowykosciolinfo.stronazen.pl\/index.php?rest_route=\/wp\/v2\/users\/1"}],"replies":[{"embeddable":true,"href":"https:\/\/domowykosciolinfo.stronazen.pl\/index.php?rest_route=%2Fwp%2Fv2%2Fcomments&post=188"}],"version-history":[{"count":0,"href":"https:\/\/domowykosciolinfo.stronazen.pl\/index.php?rest_route=\/wp\/v2\/pages\/188\/revisions"}],"up":[{"embeddable":true,"href":"https:\/\/domowykosciolinfo.stronazen.pl\/index.php?rest_route=\/wp\/v2\/pages\/113"}],"wp:attachment":[{"href":"https:\/\/domowykosciolinfo.stronazen.pl\/index.php?rest_route=%2Fwp%2Fv2%2Fmedia&parent=188"}],"curies":[{"name":"wp","href":"https:\/\/api.w.org\/{rel}","templated":true}]}}